1 - 2) + 121 + (71 + -33 - 83)?
70
What is 49 + 0 - (173 - (152 - 126))?
-98
What is (4 - -11 - 14 - 21) + 57?
37
Calculate (1 + -40 - (305 + -307)) + (2 - (-2 - -1)).
-34
What is (58 + -34 - -40) + -28?
36
Calculate -78 + (51 - -7) - -6.
-14
What is -16 - ((-15 - 46) + -1 + 7)?
39
Evaluate -1 + 6 - ((51 - (-5 + 12)) + -19).
-20
What is -133 + -1 + -32 + 52 + 17?
-97
What is the value of (273 - (-21 - -107)) + -67?
120
-46 - (-27 + (-69 - -81))
-31
What is 34 + -70 + 14 + 6 + 106 + 2?
92
(-37 - -30) + -38 + 55 - (103 + 1 + -1)
-93
Calculate -1 + -8 - ((6 - -18) + -90).
57
Evaluate 6 - (10 - (27 - 2) - 0).
21
What is the value of 12 - (-9 - (-17 + 1 + 50 + -38))?
17
Evaluate -13 - ((-2 - 7 - -48) + 51 + -52).
-51
-100 + (-27 - (-36 - -2)) + 17
-76
-34 - (-51 + -52 + 101)
-32
Calculate -49 + (4 - (-41 + 16)) + (-6 - -2).
-24
Calculate 458 - 440 - (0 + -4).
22
What is 53 - (106 - (49 + -26))?
-30
Calculate 4 + 0 + -2 - -4 - (-2347 - -2299).
54
Evaluate (-22 - 64 - 29) + 173.
58
Calculate (-13 - (1 - (-32 + 51))) + 4 + -66.
-57
Evaluate 79 + -114 + (-75 + 1 - -1).
-108
What is the value of (0 + 0 - 9) + -4 + (14 - -26) + -27?
0
What is the value of (159 - 149 - (5 + -1)) + 59 + -16?
49
Calculate (0 - -19) + (-1202 - -1176).
-7
Evaluate -45 + 61 + 13 + (-1 - 16).
12
What is the value of (142 - 144) + 48 + -7?
39
Calculate -14 - (-7 - 0) - ((-55 - -19) + 41).
-12
What is the value of -108 - (-5 - 96) - 51?
-58
Evaluate 1 + -21 + -4 + -13 + 38.
1
What is -7 - 41 - ((26 - 2) + 1 - (-183 - -194))?
-62
What is the value of (6 - -7) + (71 - 46) + 61?
99
What is the value of 0 + -2 - (16 - (10 - (-2 + -2)))?
-4
What is (10 - -31) + 2 - 12 - -12?
43
Evaluate 109 + -51 + -43 + 25.
40
Evaluate 6 + 8 + 4 + -73 - -16.
-39
Evaluate 14 - (-1 - (-12 + (9 - 3))).
9
Evaluate -13 + (21 - 22 - 4).
-18
What is the value of 28 - 0 - (28 - (-6 + (-4 - -27)))?
17
(-11 - 0) + (-36 - -11 - 11) + (-14 - -16)
-45
Evaluate (3 - (20 + -43)) + -7 + 65 + -13.
71
What is the value of -70 - (-37 + 7 + -13 + 21)?
-48
What is the value of -14 + 34 + -5 + -27 - -20?
8
What is the value of 4164 + -4157 - ((76 - (-2 + 1)) + (1 - -1))?
-72
Evaluate 3 + (-12 + 2 - (-10 + 9) - (15 - 39)).
18
Calculate -4 - 4 - (12 + -11 + 14 - -4).
-27
(0 - (10 - -2)) + 132 + -65 + -94 + 18
-21
Calculate 0 + -8 + (436 - 405) + 0.
23
What is 124 + (-12 - 102) - (49 - 0)?
-39
Calculate -13 + (-233 + 258 - (0 - 3) - (1 - 4)).
18
Evaluate 30 + -8 + 34 + -21 + -9.
26
(-11 + 1 + 4 - 7) + 39 + 5 + -38
-7
What is the value of -6 + 9 + -51 + 55 + -38?
-31
What is the value of -18 + -15 + 32 + -5 - (0 + -18)?
12
Evaluate 15 + (96 + -77 - (2 + 5 + -90)).
117
Evaluate (0 + 2 - 3 - 13) + -742 + 774.
18
-1 + 2 - -4 - (501 - (150 - -244))
-102
Calculate -11 - (0 - (0 + -2 + (7 - -4) + -13)).
-15
Calculate 11297 + -11308 - (-1 + 0 + 1 - -19).
-30
-9 + -13 + 20 - (-35 + 27)
6
Calculate (11 - (-13 - -18)) + 5 + -5 + -2 + 5.
9
Evaluate (89 - 105) + 23 + -56.
-49
Evaluate 51 - 9 - 75 - -39 - 12.
-6
What is the value of 9 + -1 + (26 - 30 - -2)?
6
Calculate -15 - (-20 - (-25 + 16)) - 38.
-42
Evaluate 52 - (14 + -20) - (-62 - -71).
49
-6 - -121 - (-2690 - -2671)
134
Calculate (-2 - (-1 + -4) - 16) + 64 + -64.
-13
17 - 13 - (4 - 5) - 6 - -58
57
-5 + (15 - 10) - (20 + (-6 - (8 - 7)))
-13
Calculate 1 + 39 + -16 - (-4 + -2).
30
What is 11 - ((34 - 7) + -13 - -12)?
-15
34 - (22 + 55 + -20)
-23
What is -36 + (56 - 27) + -65 + -18?
-90
What is -36 + (-1 - -1) - (670 - 674)?
-32
Calculate -23 + (0 - (36 - 30 - 14)).
-15
Evaluate (5 - -2) + -2 + -1115 + 1086.
-24
What is the value of -78 - 5 - (346 + -399)?
-30
Calculate 52 - 54 - (-9 - (-16 + 16 + (2 - 3))).
6
What is 0 + 15 + -18 + 10 + -47?
-40
What is the value of 0 + (1 - 0) + 16 + 138 + -178?
-23
Calculate 2 + -1 + 44 - (189 + (10 - 189)).
35
Calculate 10 + (-94 + 103 - (0 + 39)).
-20
What is the value of 5 - -1 - (-12 + (-6 - -3) + 4)?
17
What is -9 + 22 + 10 + -13 + 0?
10
What is the value of (-52 - (18 + 0)) + 26?
-44
What is the value of -49 + (21 + -69 - -90)?
-7
Calculate (-109 + 38 - -17) + (1 - -1 - 19).
-71
What is (16 - 23) + (-1 + 0 - 9) + -3?
-20
Evaluate 0 + (2 - 5) + (2 - 10) + 75 + -8.
56
Evaluate -69 + (-103 - (-134 - 0)).
-38
What is the value of 2 + -115 + (3 - 9 - (-69 + 66) - -9)?
-107
Evaluate (-16 - (28 + -67)) + -10.
13
What is 294 - 0 - (14591 + -14430)?
133
What is the value of 63 + -49 + 9 + 35 + 15 + (1 - 6)?
68
What is the value of -28 + -1 + (-4956 - -4959)?
-26
Evaluate (84 - (145 + -90)) + -59.
-30
What is -11 + -1 - (137 + -187)?
38
1 + -1 + (-9 - (-31 + 14)) - (255 - 259)
12
What is 8 + (80 + 12 - -14) - (-8 - -2 - 7)?
127
Evaluate (-14 - 1) + 4 - (-795 - -772).
12
Evaluate 0 - -42 - (64 + 28 + -73).
23
What is (-146 - (52 + -176)) + 17 + 0?
-5
What is -39 + (-8 - -7 - -20)?
-20
Calculate (8 - -3) + -2 + (8 - (-19 - -34)) + -12.
-10
What is the value of (-1842 - -1799) + 49 + 2?
8
Evaluate 16 - (-61 + 31) - 97.
-51
What is -2 + 1 + (-906 - -898) + 72 + 0?
63
Evaluate (35 + 8 - 39) + (-14 - 3).
-13
-45 + -9 + 81 + (-4 - 0 - 0)
23
Calculate -224 + (123 - 28) + 60.
-69
What is -18 - (21 - (-23 - -50))?
-12
Evaluate -5 + 51 - (-85 - -95).
36
16 - 18 - (-36 + (6 - -26) + 1 + -7)
8
Evaluate (-45 - 2) + (-803 - -815).
-35
What is -71 - (-8 - 55) - (-1 - -68 - (-4 - -4))?
-75
Evaluate (13 + 7 - (-16 - -28)) + (-1 - 0) + -22.
-15
Evaluate -33 - (-36 + 9 - -7 - (-16 + 10 + -8)).
-27
Calculate 67 + -25 + -46 + -35.
-39
What is the value of -481 + 449 + 25 + 4?
-3
Evaluate (6 - -50) + (163 - 216) + -1 + 2 + 84.
88
(8 - 32) + -64 - -60
-28
What is -7 + 7 + 5 - (-38 + 20 + -52)?
75
(21 - (14 + -13 + 18)) + -54
-52
-11 + (-21 + 13 - 5 - (-50 - (-4 - -2)))
24
What is the value of 81 + -3 - (-1752 - -1821)?
9
-22 + (48 - 0 - 30)
-4
Evaluate 26 + (6 - 8 - (42 + -12)).
-6
87 - ((-72 - -18) + 109)
32
161 - -19 - 60 - 44
76
Calculate 11 - (58 + -6) - 6.
-47
Evaluate -22 + -53 + 117 + -34 - (-1 + 44 + -1).
-34
What is the value of -69 + (-2 - (-1 + 17 - 13) - (-6 + -1))?
-67
What is the value of -49 + (-210 + 165 + (20 - 0) - -9)?
-65
Evaluate -4 - 16 - (131 - 124).
-27
Evaluate (-88 - -1) + (-3 - -2) + 67 + -101 + 24.
-98
What is the value of 1 - (-1 - -3 - 0) - (15 - 62)?
46
What is 77 - (-44 + (129 - 75))?
67
What is 19 + (-214 - -221 - (-9 - 71))?
106
Evaluate -17 + 57 + -32 - 22.
-14
What is the value of -54 + (5 - -33) + (-10 - 1)?
-27
What is 17 - (9 - -15) - -21 - (-5 + 0)?
19
-22 + (11 + 2 - (-37 + (-35 - -77)))
-14
Calculate (-74 - -5) + 16 + -6 - -12.
-47
-9 - ((-20 + 11 - 3) + 10 - 22)
15
(-87 - -3 - -92) + (33 - -1)
42
Evaluate 48 - (162 + -73) - -14.
-27
What is 10 + (-42 - -5) - (7 - 0) - 13?
-47
What is the value of 95 + (-259 - -34 - -98)?
-32
Calculate 102 - -2 - ((38 - 15) + -6 + -42 + 29).
100
What is the value of -8087 - -8074 - ((1 - -2) + (3 - -95) + -1)?
-113
What is -1 + 1 + 13 + 8 + -10?
11
What is the value of -21808 + 21747 + (4 - 1)?
-58
0 - -5 - (17 - 10 - (58 + 2))
58
What is the value of 83 - -128 - 110 - 127?
-26
82 + (-46 - 86) - 6
-56
What is -9 + (26 - 12) + -12 - (-24 + 4)?
13
What is (-5 - 3) + (-57 - (-144 + 123))?
-44
What is the value of 305 + -333 - (1 + -3 + 22)?
-48
What is (-17 + 18 + -12 + 7 - 4) + 1?
-7
What is the value of -28 - (-30 - 9 - -19) - 25?
-33
What is 1 + (3 - 70) + -19 + -14 + (-11 - -39)?
-71
What is the value of -1 + 0 - -6 - ((14 - 24) + 0)?
15
What is 38 + (-3 + -9 - -11) + 9?
46
What is -19 - (17 - 0 - (-178 + 185) - 23)?
-6
What is the value of (-33 - 1) + -30 + -54 + 78?
-40
What is the value of 34 + (3 - 19) + (61 - 46) + -15?
18
3 + -9 - (-79 - (-15 - -29) - (-2 + 16))
101
Evaluate (16 - (13 - (10 - 2 - 1))) + -1 - 37.
-28
What is the value of -46 + (47 - -36) + -67?
-30
Evaluate -6 - (-35 - ((-17 - (0 - -1)) + -1450 + 1458)).
19
32 - (19 - -45) - -1 - (1 - 1)
-31
What is 119 + -121 + 23 + 44?
65
-15 + 175 + -177 + -52 + -1
-70
-4 + (11 - 131) + (78 - 56)
-102
What is 38 - (19 - 6) - 50?
-25
What is the value of -10 + 68 + (7 - -10 - 7) + 0?
68
What is the value of 1 + -52 + -2865 + 2872 + -23?
-67
(-11 + 8 + 12 - 4) + -9 + 1 + -62
-65
What is the value of 9 - (164 - (46 + 17 + -35))?
-127
(32 + -14 - 36) + 8 - 25
-35
What is the value of -84 + 159 + -69 + -14 + 0?
-8
Evaluate -3 - (-21 + -1 - (-1